6
Let x = 5 - 3. Suppose -4*y = -r + 5, -r = x*y - y - 5. What is the highest common divisor of 5 and r?
5
Let j(s) = -166*s**3 - s**2 + s + 1. Let a be j(-1). Suppose 2*x - a = x. Calculate the highest common divisor of 15 and x.
15
Suppose 2*d = -22 + 100. What is the greatest common divisor of 39 and d?
39
Let l be (-8)/(-1*(-2)/(-3)). What is the highest common factor of 18 and l?
6
Let s be 140/(-21) - (-4)/6. Let m = s + 12. What is the highest common factor of 2 and m?
2
Let r(d) = -45*d + 1. Let t be r(-2). Let v(m) = -2*m + 7. Let i be v(-3). Calculate the greatest common factor of i and t.
13
Suppose 4*a = -18 - 22. Let o = -5 - a. Suppose -3*x = o*d - 146, -5*x + 218 = 3*d - d. Calculate the highest common divisor of x and 6.
6
Let j = -134 + 178. What is the greatest common factor of 110 and j?
22
Let d = 11 - 2. Let j be (-15)/(-2)*(-240)/(-50). What is the highest common factor of d and j?
9
Let a be 10*1*(1 + 0). Let f be ((-1702)/4)/(-23) + (-6)/(-4). What is the highest common divisor of a and f?
10
Let p(f) = -f + 42. Let z be p(0). Suppose 3*q - z = -6. Suppose i - q = 27. What is the highest common factor of 26 and i?
13
Suppose 20*j - 130 = 15*j. What is the greatest common divisor of j and 104?
26
Let a(x) = -13*x + 3. Let y = -4 - 0. Let m be a(y). Let w be (m/15)/(1/30). What is the highest common factor of w and 10?
10
Suppose 6*j - 2*j = 180. Suppose -5*o - 3*k = 11, 4*k = 2*k - 4. Let y be 3/(o - 0)*-3. What is the greatest common divisor of y and j?
9
Let l(q) = 19*q**2 - 3*q + 2. Let r be l(-2). What is the highest common factor of r and 28?
28
Let p = 2 - -16. Suppose -3*b - 4*a = -7*b + 12, 0 = a. Suppose 5*k = -o + 22, -b*k - 2 = -5*o - 4. Calculate the highest common divisor of p and o.
2
Let x(r) = -r + 10. Let k be x(9). Suppose -b = -k - 3. What is the greatest common divisor of 44 and b?
4
Let p(v) = -v**3 - v**2 + 12. Let u be p(0). Calculate the greatest common divisor of u and 24.
12
Let g = 31 + -5. Suppose -45 - 7 = -4*z. What is the greatest common factor of z and g?
13
Let m be (1 - 3054/(-22)) + 14/77. What is the greatest common divisor of m and 14?
14
Suppose -5*i + 53 = 13. Suppose 5*y - i = a, 0 = 2*a + 2*y - 11 + 3. Suppose 5*v + a*j + 3*j - 40 = 0, 0 = -3*j. What is the highest common factor of 56 and v?
8
Suppose 34 = h + 4*d + 8, -4*h - d + 89 = 0. What is the highest common factor of 22 and h?
22
Let r be 2 - -3*(-66)/(-9). Calculate the greatest common factor of 6 and r.
6
Suppose -2*v + 4*v = 198. Let l = 44 + v. Calculate the highest common factor of l and 13.
13
Let h(k) = 4*k - 17. Let z be h(18). Calculate the highest common divisor of z and 11.
11
Let g = -3 - -11. Let t be 2/(-8) + (-578)/(-8). Calculate the greatest common divisor of t and g.
8
Let g be (10/(-6) - -1)*-6. Suppose -s + 0*s + 16 = 0. What is the highest common factor of s and g?
4
Suppose -4*f - 7 = -g + f, f - 3 = 0. Calculate the highest common factor of g and 11.
11
Let y be (2/4)/(((-6)/(-2))/54). Suppose x = -3*x + 4. Calculate the greatest common factor of y and x.
1
Let g = 18 + -15. Let k(v) = 2*v + 6. Let l be k(7). Suppose -l = g*p - 8*p. Calculate the greatest common factor of p and 8.
4
Suppose -25 - 47 = -4*c. Calculate the highest common factor of 27 and c.
9
Let u = -98 + 287. Let a(o) = o**2 - 5*o - 29. Let m be a(-5). Calculate the highest common factor of u and m.
21
Suppose -2*w = 4*h - 96, 2*h - 32 = -0*h + 3*w. Calculate the greatest common divisor of 33 and h.
11
Let p = -99 + 139. Suppose -5*i = 3*a - 29, -4*i - 1 + 11 = -2*a. Suppose -d + 13 = i*d - 3*g, -7 = d - 3*g. What is the greatest common divisor of p and d?
5
Suppose 0 = 3*c + c + 4. Let r be c/(-2) + (-10)/20. Let i be (4 + r)*3/4. Calculate the greatest common divisor of i and 2.
1
Let l(q) = 0 - 4*q - 1 - 3. Let h be l(-3). Let j be (-3)/(((-9)/6)/1). What is the greatest common factor of h and j?
2
Suppose 6*o - o = -5. Let q be (-7 - 2)/(0 + o). Calculate the highest common divisor of q and 63.
9
Suppose 21 = -6*g + 9*g. Calculate the highest common factor of g and 77.
7
Let t(h) = -125*h**3 + h**2 - h - 2. Let w be t(-1). What is the highest common factor of w and 25?
25
Let o = 41 + -9. Suppose -2*f = 5*u - 2, f - 4*u = -0*f + 14. Let n be (f - -1) + 3/3. Calculate the highest common factor of o and n.
8
Let x be (30/(-75))/(2*2/(-40)). What is the greatest common divisor of 128 and x?
4
Suppose 4*y + 2*u = -0*y + 10, -4*u = -y - 2. Suppose -i + 309 = 2*q, q + y*i - 310 = -q. Calculate the greatest common factor of 14 and q.
14
Let s be 436*(-2)/(1*-4). Let f = -428 - -290. Let p = s + f. What is the greatest common divisor of 16 and p?
16
Let n be ((-10)/2)/(10/(-12)). Calculate the greatest common factor of 6 and n.
6
Suppose 24 = -v + 32. What is the highest common factor of v and 72?
8
Let g be 1/(-7) + 1484/98. What is the greatest common factor of 5 and g?
5
Let m(s) = 34*s + 1. Let t be m(1). Suppose 22 = v - t. What is the highest common divisor of 38 and v?
19
Suppose -4*m = -2*d - 42, 0 = 2*m + 4*d - 6 - 20. Let c(r) = r**3 - 6*r**2 + 9*r - 9. Let j be c(5). What is the greatest common divisor of m and j?
11
Suppose f = -0*f. Let y(p) = p**3 - p. Let x be y(f). Suppose x*m + 110 = 2*m. Calculate the highest common divisor of 11 and m.
11
Let h(g) = -g + 11. Let l be h(9). What is the greatest common factor of l and 1?
1
Let h(u) = -14*u + 5*u**2 + 10 - 4*u**2 + 0*u**2 - 1. Let v be h(13). Let m be 1696/24 - v/(-6). Calculate the greatest common factor of m and 10.
10
Let p = 32 - -34. Calculate the greatest common factor of 6 and p.
6
Let t be (95/38 + (-4)/1)*-18. What is the highest common divisor of t and 243?
27
Suppose 1 - 36 = -5*s. Suppose 0 = 5*n + 4*f - 64, s*f - 41 = -3*n + 2*f. Let l be 6/33 - 2108/(-22). What is the highest common divisor of l and n?
12
Let w(n) be the first derivative of n**4/4 - 11*n**3/3 - 13*n**2/2 + 15*n + 2. Let s be w(12). Calculate the greatest common divisor of 3 and s.
3
Let x be (-93)/(1/(-2) - (-16)/(-64)). What is the greatest common divisor of 31 and x?
31
Let k = 2 + -2. Suppose k = q + 4*q. Suppose q*m + 4*m = 56. Calculate the greatest common divisor of 70 and m.
14
Let f(x) = x + 5. Let d be f(-4). Let v be (-22)/(-8) - 2/(-8). Suppose v*h - 33 = -4*s + 3, -2*h - 45 = -5*s. Calculate the greatest common divisor of d and s.
1
Suppose 4*u + 7 - 34 = -5*l, 2*u = -l + 15. Suppose u*g - 1130 = 3*g. Let h be 12/18 + g/3. What is the highest common factor of 19 and h?
19
Suppose 6*r + 4*h - 38 = 3*r, 5*r = -5*h + 65. What is the greatest common divisor of r and 42?
14
Let f(s) be the second derivative of s**4/12 - 2*s**3 - 11*s**2 + 8*s. Let v be f(16). What is the highest common divisor of v and 21?
21
Let n = 46 - 20. Let t = 64 - -66. What is the highest common divisor of t and n?
26
Let n(j) = 3*j + 47. Let i be n(-7). What is the highest common divisor of 182 and i?
26
Suppose 0*d + d = -5*f + 61, -4*f + 40 = 3*d. Suppose -3*m + 63 = 24. What is the greatest common divisor of m and f?
13
Suppose 4*p - 10 - 6 = 0. Let b(k) = k**3 - 2*k**2 + k - 1. Let i be b(p). What is the greatest common divisor of i and 5?
5
Let s be 1 - ((-6)/3 - -45). Let d = s - -74. Suppose u + 4*u - d = -3*h, u = 4. Calculate the highest common divisor of 4 and h.
4
Let l = 43 + -31. Let b be -2*(7 + -3 + -6). Calculate the highest common factor of b and l.
4
Let v = 284 + 94. Suppose 2*m - v = -m. Calculate the greatest common divisor of m and 14.
14
Let k(u) = 167*u**3 + 1. Let l be k(1). Let c = 429 + -201. Suppose l = 4*f - c. What is the highest common factor of 9 and f?
9
Suppose -5 = 2*v - 21. What is the greatest common divisor of 12 and v?
4
Suppose -11*n + 0*n + 3520 = 0. What is the greatest common divisor of 40 and n?
40
Suppose i - 2 = 6. Suppose 3*m + 49 = 313. Calculate the greatest common divisor of m and i.
8
Let p(a) = -a**2 + 9*a + 13. Let n be p(10). Suppose -2*r = n*r - 35. Suppose -7 = -2*t + r. What is the highest common divisor of 14 and t?
7
Let z = 60 + -24. Let b(f) = -f**3 + 6*f**2 + 5*f - 6. Let k be b(6). What is the greatest common divisor of k and z?
12
Let t = 86 - 71. Calculate the greatest common factor of t and 25.
5
Let n = -17 + 66. Calculate the greatest com